140.
2, 5, 37, 140411
List the prime factors of 2980745596.
2, 149, 5001251
What are the prime factors of 1333227445?
5, 11, 24240499
What are the prime factors of 58534757?
17, 41, 137, 613
What are the prime factors of 2304320985?
3, 5, 31, 1651843
What are the prime factors of 9955900?
2, 5, 99559
What are the prime factors of 688356866?
2, 344178433
List the prime factors of 24810515.
5, 29, 397, 431
List the prime factors of 5486028036.
2, 3, 37, 12355919
List the prime factors of 62961094.
2, 7, 4497221
List the prime factors of 1406903055.
3, 5, 499, 187963
What are the prime factors of 50768499?
3, 139, 211, 577
List the prime factors of 48766626.
2, 3, 2709257
What are the prime factors of 192126346?
2, 2903, 33091
What are the prime factors of 55731101?
4567, 12203
List the prime factors of 306341886.
2, 3, 51056981
List the prime factors of 366189102.
2, 3, 103, 263, 751
What are the prime factors of 99154097?
7, 61, 677
List the prime factors of 260748561.
3, 41, 2119907
List the prime factors of 205080334.
2, 271, 367, 1031
List the prime factors of 73137383.
11, 17, 421, 929
List the prime factors of 3971001364.
2, 11, 90250031
What are the prime factors of 1969405913?
31, 63529223
What are the prime factors of 505388456?
2, 4139, 15263
List the prime factors of 2262919987.
3191, 709157
List the prime factors of 75819972.
2, 3, 6318331
What are the prime factors of 48969307?
48969307
What are the prime factors of 49516475?
5, 1980659
List the prime factors of 304474824.
2, 3, 53, 73, 1093
List the prime factors of 4595401407.
3, 25471, 60139
List the prime factors of 95093074.
2, 1523, 31219
What are the prime factors of 2251151006?
2, 13, 887, 97613
List the prime factors of 340846213.
340846213
List the prime factors of 2810082763.
2810082763
List the prime factors of 36397007.
31, 103, 11399
List the prime factors of 1097051248.
2, 68565703
List the prime factors of 89342132.
2, 11, 43, 47221
What are the prime factors of 40082456?
2, 101, 113, 439
What are the prime factors of 49476247?
19, 2604013
What are the prime factors of 1317858765?
3, 5, 87857251
List the prime factors of 469823581.
469823581
List the prime factors of 1797999645.
3, 5, 13, 17, 37, 107, 137
List the prime factors of 2885621028.
2, 3, 240468419
What are the prime factors of 2675093900?
2, 5, 26750939
List the prime factors of 68605534.
2, 34302767
What are the prime factors of 2253823140?
2, 3, 5, 37563719
What are the prime factors of 2448246752?
2, 7, 10929673
What are the prime factors of 31483898?
2, 17, 925997
What are the prime factors of 129315751?
129315751
List the prime factors of 2649093718.
2, 1324546859
List the prime factors of 2705390133.
3, 617, 1461583
What are the prime factors of 171988782?
2, 3, 7, 83, 103, 479
What are the prime factors of 2411209142?
2, 113, 10669067
What are the prime factors of 1234306864?
2, 7, 1574371
List the prime factors of 17424363.
3, 11, 23, 2087
List the prime factors of 859307563.
859307563
What are the prime factors of 2508409578?
2, 3, 23, 29, 31, 20219
List the prime factors of 5553864.
2, 3, 77137
List the prime factors of 639128381.
11551, 55331
List the prime factors of 85367585.
5, 1697, 10061
What are the prime factors of 62131718?
2, 11, 193, 14633
List the prime factors of 4085340941.
11, 17, 21846743
List the prime factors of 189204232.
2, 7, 3378647
List the prime factors of 58622354.
2, 7, 23, 182057
What are the prime factors of 10389742?
2, 11, 472261
What are the prime factors of 1110031690?
2, 5, 111003169
What are the prime factors of 731745023?
23, 29, 1097069
What are the prime factors of 2963666795?
5, 1559, 380201
List the prime factors of 225635500.
2, 5, 83, 5437
List the prime factors of 104791720.
2, 5, 11, 238163
List the prime factors of 7820233007.
173, 2957, 15287
What are the prime factors of 907117125?
3, 5, 23, 105173
List the prime factors of 66838548.
2, 3, 7, 71, 1601
List the prime factors of 229152598.
2, 367, 312197
List the prime factors of 649271124.
2, 3, 3109, 5801
What are the prime factors of 86610433?
7, 13, 23, 41381
What are the prime factors of 315894992?
2, 7, 2820491
List the prime factors of 1712439790.
2, 5, 19, 9012841
List the prime factors of 221708426.
2, 283, 391711
What are the prime factors of 12279545?
5, 2455909
List the prime factors of 425673567.
3, 11, 37, 79, 1471
List the prime factors of 42378615.
3, 5, 941747
What are the prime factors of 72261616?
2, 7, 79, 8167
What are the prime factors of 155194239?
3, 5261, 9833
What are the prime factors of 5081601293?
79, 64324067
What are the prime factors of 5060038771?
59, 85763369
What are the prime factors of 119769873?
3, 39923291
What are the prime factors of 102473717?
23, 61, 73039
What are the prime factors of 147155661?
3, 1031, 15859
What are the prime factors of 911075148?
2, 3, 2099, 4019
What are the prime factors of 843586640?
2, 5, 13, 23, 35267
List the prime factors of 820762120.
2, 5, 37, 554569
What are the prime factors of 1618888448?
2, 31, 137, 1489
What are the prime factors of 695947248?
2, 3, 23, 89, 787
List the prime factors of 77871125.
5, 37, 113, 149
What are the prime factors of 455193982?
2, 19, 73, 164093
What are the prime factors of 2605218827?
31, 2689, 31253
What are the prime factors of 1295730514?
2, 13, 17, 1091, 2687
What are the prime factors of 35093328?
2, 3, 131, 5581
List the prime factors of 93921394.
2, 7, 317, 21163
List the prime factors of 40063761.
3, 19, 29, 2693
What are the prime factors of 334328779?
229, 1459951
What are the prime factors of 11565510?
2, 3, 5, 11, 101, 347
What are the prime factors of 751765911?
3, 13, 1482773
List the prime factors of 272645525.
5, 263, 41467
What are the prime factors of 7343916?
2, 3, 611993
List the prime factors of 103252176.
2, 3, 71, 10099
List the prime factors of 55994989.
2377, 23557
List the prime factors of 23139112.
2, 19, 152231
List the prime factors of 148364995.
5, 29672999
List the prime factors of 949700797.
23, 41291339
What are the prime factors of 32024304?
2, 3, 13, 17107
What are the prime factors of 3602415112?
2, 23, 103, 131, 1451
What are the prime factors of 3334619540?
2, 5, 7, 3402673
List the prime factors of 1195162990.
2, 5, 7, 383, 44579
What are the prime factors of 42875438?
2, 19, 1128301
What are the prime factors of 5796537036?
2, 3, 483044753
List the prime factors of 488041039.
1097, 444887
What are the prime factors of 332256570?
2, 3, 5, 71, 389, 401
What are the prime factors of 365149854?
2, 3, 41, 494783
What are the prime factors of 437947099?
71, 2357, 2617
List the prime factors of 134204831.
134204831
List the prime factors of 225000718.
2, 631, 178289
What are the prime factors of 717938173?
149, 839, 5743
What are the prime factors of 46908790?
2, 5, 4690879
What are the prime factors of 3220415361?
3, 37, 401, 8039
List the prime factors of 113063248.
2, 7066453
List the prime factors of 806659401.
3, 17, 31, 30013
List the prime factors of 2112921981.
3, 8053, 29153
List the prime factors of 972911615.
5, 13, 17, 23, 38281
What are the prime factors of 60544296?
2, 3, 97, 8669
List the prime factors of 227485165.
5, 61, 229, 3257
What are the prime factors of 7957029?
3, 19, 139597
What are the prime factors of 81722793?
3, 2539, 10729
List the prime factors of 2877692444.
2, 11, 2539, 25759
List the prime factors of 3312598265.
5, 662519653
List the prime factors of 408394078.
2, 67, 1303, 2339
What are the prime factors of 1767278532?
2, 3, 103, 1429837
What are the prime factors of 201871811?
607, 332573
What are the prime factors of 118590520?
2, 5, 311, 9533
List the prime factors of 129004344.
2, 3, 7, 255961
What are the prime factors of 154956363?
3, 131, 394291
List the prime factors of 156015488.
2, 419, 2909
List the prime factors of 132992996.
2, 1321, 25169
List the prime factors of 4528967535.
3, 5, 17, 5920219
What are the prime factors of 1793127916?
2, 31, 1051, 13759
List the prime factors of 150003516.
2, 3, 13, 23, 97, 431
What are the prime factors of 637976760?
2, 3, 5, 23, 97, 2383
What are the prime factors of 3405151610?
2, 5, 7, 23, 302143
List the prime factors of 4055738.
2, 2027869
What are the prime factors of 6753